1 - 13563 = -48*k. What is the hundreds digit of k?
8
Suppose 2*u - 2*j = 196, 15*u - 18*u + 293 = -2*j. What is the tens digit of u?
9
Let p(s) = -1 + 4 - s**3 + s**2 + 3*s**2 + 0*s**2. Let d be p(4). What is the units digit of 21*d/6*2?
1
Let h = 21 - 18. Suppose 2*m - l = 58 + 63, 186 = 3*m + h*l. What is the tens digit of m?
6
Suppose -4 + 16 = 4*s. Let g be -2 - s/(3/(-4)). Suppose g*y + 22 = 4*y. What is the tens digit of y?
1
Let b be 3 - 17/(68/(-2112)). Let m = -293 + b. What is the hundreds digit of m?
2
Suppose 2*m = -3 + 1. Let g(n) = -67*n**3 + n - 1. What is the tens digit of g(m)?
6
Let o = 154 + -107. Let l = o + -42. What is the units digit of l?
5
Let l(z) = 39*z**3 + 2*z**2 - 2*z + 1. Suppose -4*r - 17 = -5*j, 0 = r - 1 + 4. What is the units digit of l(j)?
0
Let l(t) = t**2 - 10*t + 9. Let v be l(9). Suppose 0 = -n - v*n + 122. What is the units digit of n?
2
Suppose -5*r + 0*r = 400. What is the tens digit of 212/10 + (r/25)/(-4)?
2
Suppose 0 = 10*i - 2372 - 3368. What is the units digit of i?
4
Let i = -33 - -15. Let q = 1 + 23. Let w = q + i. What is the units digit of w?
6
Let k = -25 - -27. Suppose k*z - 260 = -5*h, 2*h + z + 156 = 5*h. What is the units digit of h?
2
Suppose 4*x + 74 = 2*x + 2*s, -3*s - 79 = 2*x. Suppose 17 = -g - 6. Let f = g - x. What is the units digit of f?
5
Let z(n) = -86*n + 6. Let b = -59 - -57. What is the tens digit of z(b)?
7
Let k(g) = g**2 - 20*g - 41. Let o be (4 + -1 + -1)*(0 - -11). What is the units digit of k(o)?
3
Let o(v) = -5*v**3 - 2*v**2 + 5*v + 6. What is the hundreds digit of o(-5)?
5
Suppose 0 = 36*r - 27*r - 3861. What is the units digit of r?
9
Let g(p) = -3*p**2 - 28*p - 10*p**2 - 44 + 2*p**2 - 11*p. Let v(y) = 7*y**2 + 26*y + 29. Let o(i) = -5*g(i) - 8*v(i). What is the tens digit of o(-8)?
2
Let j(k) = -12*k + 141. What is the units digit of j(-10)?
1
Let j = -1 + 2. Let v = j + 3. Suppose -4*s + 94 = 3*i, v*s = -0*i + 4*i - 172. What is the units digit of i?
8
Let j be 500/7 + (-40)/(-70). Suppose 6*x - 4*x - j = 0. What is the units digit of x?
6
Let t(z) = 2*z + 2. Let x be t(4). Let i = x + -6. What is the tens digit of 1/(i - (-123)/(-31))?
3
Let c(b) = -22*b + 75. What is the tens digit of c(-14)?
8
Let h = 462 - 345. What is the units digit of h?
7
Let r(b) = b**2 - 9*b - 9. Let d be (-9 - 11) + (1 - 0). Let q = d + 29. What is the units digit of r(q)?
1
Let y(u) = 339*u - 217. What is the hundreds digit of y(4)?
1
Suppose 804 = 4*n - 2*n. Let p be 1/5 + n/15. What is the units digit of 2 + 1 + 0 + p?
0
Let g be (-3)/(-1) - (-3 - -5). Suppose 5*q - 45 = -5*u, 2*u - 2*q - 1 - g = 0. Suppose u*d = 167 + 18. What is the tens digit of d?
3
Let q(n) be the first derivative of n**3 + 7*n**2/2 - 17*n - 26. What is the hundreds digit of q(-8)?
1
Let p(v) = -3*v + 4. Let q be p(-2). Suppose -q = -5*z + 5. What is the units digit of z?
3
Let o = 32 + -45. Let q(f) be the third derivative of f**5/60 + f**4/2 - 2*f**3/3 - 3*f**2. What is the units digit of q(o)?
9
Suppose 2*i = -8*i + 3240. What is the tens digit of i?
2
Let u(n) = 9*n - 4. Let p be u(-4). Let s = 24 + p. What is the units digit of s/(-10) - (-10)/25?
2
What is the tens digit of (441/(-36))/((-1)/4)?
4
Suppose -3*n - 2 + 14 = -3*t, t + n - 4 = 0. Suppose 1296 = 5*m + q, -4*m + 2*q + 223 + 811 = t. What is the hundreds digit of m?
2
Let m(z) = -5*z**3 + 2*z**2 - 7*z - 41. What is the hundreds digit of m(-6)?
1
Let f = -30 - -30. Suppose f = 4*d + 8 - 12. Let t(m) = 44*m + 1. What is the tens digit of t(d)?
4
Let k = -8 + 10. Suppose -3*q - k*s = -151, 3*q - s - 156 = -4*s. What is the tens digit of q?
4
Let d = -31 - -34. Suppose -5*a - d*x + 513 = x, 0 = a - 3*x - 114. What is the units digit of a?
5
Suppose 0 = -0*i + 4*i + 4, -3*b - 3*i = -387. What is the hundreds digit of b?
1
Let l be (-8)/((16/(-20))/2). Suppose -2*g = -c - l, -2*c + 14 - 50 = -5*g. Let x = 5 - c. What is the units digit of x?
3
Suppose 1106 = 553*b - 551*b. What is the units digit of b?
3
Let p = -162 + 545. What is the units digit of p?
3
Suppose 9438 - 36553 = -29*a. What is the units digit of a?
5
Suppose 3 = -f, -7*f + 2*f - 33 = 3*i. Let p = 909 - 911. What is the units digit of -3 - (p + i - 1)?
6
Suppose 26*k - 16 = 22*k. Let p(n) = 3*n - 9. Let r be p(k). Suppose 5*o - g = r*g + 180, 0 = 5*o + 2*g - 150. What is the units digit of o?
2
Let u(y) = -y + 55. What is the units digit of u(39)?
6
Let q(v) = v**2 + 5*v. Let y be q(-4). Let g(o) be the first derivative of o**4/4 + 4*o**3/3 - o**2 - 3*o - 57. What is the units digit of g(y)?
5
Let l = -6 + 7. Suppose -5*a - l = 4. Let u = a + 14. What is the tens digit of u?
1
Suppose -7*i + 2856 = 2*n - 12*i, 5*n + 2*i = 7111. What is the units digit of n?
3
Suppose -1 = -g - 6. Let j = g + -7. Let s(r) = -r**3 - 11*r**2 + 11*r + 2. What is the units digit of s(j)?
4
Let v = 699 + -303. Suppose -5*x = v - 41. Let i = x + 110. What is the units digit of i?
9
Suppose x = 5*p - 20, -3*x = -5*x + 10. Let d = -3 + p. Suppose -z - 1 = 0, 2*i - 34 = -d*z - 2. What is the units digit of i?
7
Suppose -4*g - 6 = -10*g. What is the units digit of (28 - g) + (-16)/4?
3
Let l = -1 + 646. What is the tens digit of l?
4
Suppose -2*v + 232 = 2*b - 6*b, 0 = -b + 2*v - 61. Let q = 106 - b. What is the units digit of q?
3
Let w(i) = -i**3 - 7*i**2 + 14*i + 9. Suppose -1398 = -5*r + 4*c, 6*r = 3*r - 4*c + 858. Let o be 2/5 + r/(-30). What is the tens digit of w(o)?
4
Suppose -5*g + 595 = -4*k, -5*k + k + g - 599 = 0. Let n = k + 258. What is the units digit of n?
8
Let x(s) = 6*s**2 + 2. What is the units digit of x(10)?
2
Suppose 5*c - 2*n = 30, -3*c - 4*n = -6*n - 18. Let f(p) = p**2 + 3*p + 5. What is the units digit of f(c)?
9
Let p be (-2 - -1)/(3/(-12)). Suppose -12 = -y - p*u + 16, -245 = -5*y + u. What is the units digit of y?
8
Suppose -4*s - 3*t = -112, 2*s + 70 = 4*s + 5*t. Suppose -478 = -4*n + 5*u - 55, 5*u - s = 0. What is the hundreds digit of n?
1
Let q = -20 + 21. Suppose -4*v + 0*v + q = z, 0 = -3*z - 3*v + 12. Suppose -y - z*s + 15 = 3*y, -2*s = 2. What is the units digit of y?
5
Suppose g = 4*c - 1287, 8*c - 3*g = 12*c - 1275. What is the hundreds digit of c?
3
Let l(o) = o**3 - 12*o**2 + 8*o - 77. What is the tens digit of l(22)?
3
Let g(f) = -815*f + 384. What is the units digit of g(-5)?
9
Let a(v) = v**2 - 3*v + 1. Let z be a(2). Let f be 1*(-2 - (z + -2)). What is the units digit of (9 + -4)/(f/5)?
5
Let n(v) be the first derivative of -14 + 7*v + 1/3*v**3 - 13/2*v**2. What is the tens digit of n(15)?
3
Suppose -2*c - m + 577 = 0, 418 = c - m + 125. What is the tens digit of c?
9
Let q(j) = 2*j**3 - 5*j**2 + 2*j + 3. Suppose -3 + 12 = 3*m. What is the units digit of q(m)?
8
Let p(y) be the third derivative of y**8/20160 + y**7/1680 - y**5/20 - 6*y**2. Let x(t) be the third derivative of p(t). What is the units digit of x(-4)?
4
Let z(m) = -m**3 - 57*m**2 + 167*m + 36. What is the units digit of z(-60)?
6
What is the hundreds digit of (1 + 574/6)/((-6)/(-9))?
1
Suppose -2*w + 0*w = -3*f + 174, 6 = -2*w. Suppose 0 = 4*i - 12 - f. What is the tens digit of i?
1
Let r be 2/9 - (-1330)/90. Let j = -21 + r. Let b(k) = 2*k**2 + 8*k - 1. What is the tens digit of b(j)?
2
Let t(i) = -i**2 + 6*i - 10. Let z be t(7). Let f = z - -20. Suppose -f*d = -0*d - 90. What is the tens digit of d?
3
Let k(z) = 3*z**2 - 2*z - 3. Let r(j) be the third derivative of j**4/24 - j**3/3 + 3*j**2. Let g be r(0). What is the tens digit of k(g)?
1
Let a = 352 - 284. What is the units digit of a?
8
Let q(s) = -8*s + 2. Let p be q(-2). Suppose 4*z - 9 = -17. What is the units digit of -3 + 0/z + p?
5
Suppose -2*z = -4*k + 18, z - 11 = -4*k - 4*z. What is the units digit of 5 + -4 + 28/k?
8
Suppose 12*w - 11170 = 2*w. What is the units digit of w?
7
Let b = -318 - -441. What is the tens digit of b?
2
Suppose -2*l = -8, -3*t + 16 = -0*l + l. Let i be 16/(-2)*2/t. What is the tens digit of 42/i*8/(-6)?
1
Let c = 48 + -22. What is the units digit of c?
6
Let q(z) = 160*z + 2. Let j be q(1). Suppose j = 7*o - o. What is the units digit of o?
7
Let y(g) = -2*g - 1. Let o be y(-3). Let i(n) = 26*n**2 - 1. Let b be i(-1). Suppose -41 = -o*w + 3*p, 4*w = p + 5 + b. What is the units digit of w?
7
Suppose 456 = -b + 5